292?
7
What is the hundred thousands digit of 106941881?
9
What is the thousands digit of 3279554?
9
What is the units digit of 29732026?
6
What is the ten thousands digit of 55922946?
2
What is the units digit of 8697441?
1
What is the units digit of 1598934396?
6
What is the hundreds digit of 77634634?
6
What is the tens digit of 20464367?
6
What is the hundred millions digit of 346401021?
3
What is the hundred millions digit of 667115717?
6
What is the units digit of 75310795?
5
What is the ten millions digit of 70914766?
7
What is the thousands digit of 219121170?
1
What is the ten thousands digit of 88733943?
3
What is the ten thousands digit of 49271512?
7
What is the ten thousands digit of 116827289?
2
What is the thousands digit of 60784516?
4
What is the millions digit of 36448910?
6
What is the hundred thousands digit of 12606700?
6
What is the hundreds digit of 7455440248?
2
What is the units digit of 101618474?
4
What is the ten millions digit of 65918063?
6
What is the hundred thousands digit of 1487236281?
2
What is the thousands digit of 128064834?
4
What is the hundreds digit of 273416944?
9
What is the units digit of 2335152245?
5
What is the tens digit of 126207249?
4
What is the millions digit of 79166601?
9
What is the ten millions digit of 382828395?
8
What is the hundred thousands digit of 27033290?
0
What is the millions digit of 999930876?
9
What is the ten millions digit of 563466308?
6
What is the hundred thousands digit of 260075937?
0
What is the hundred thousands digit of 25929159?
9
What is the thousands digit of 480697677?
7
What is the ten millions digit of 111630413?
1
What is the ten millions digit of 83165478?
8
What is the thousands digit of 46494371?
4
What is the ten thousands digit of 559492461?
9
What is the tens digit of 796932215?
1
What is the millions digit of 16858453?
6
What is the units digit of 1630527490?
0
What is the ten thousands digit of 792005634?
0
What is the millions digit of 655187598?
5
What is the units digit of 79795845?
5
What is the thousands digit of 1065111672?
1
What is the millions digit of 99863520?
9
What is the hundred thousands digit of 4824756124?
7
What is the hundred thousands digit of 30305514?
3
What is the tens digit of 65782860?
6
What is the hundred millions digit of 752566917?
7
What is the ten thousands digit of 44486677?
8
What is the units digit of 1344365956?
6
What is the units digit of 147893260?
0
What is the units digit of 2402612714?
4
What is the ten thousands digit of 575129143?
2
What is the units digit of 176719556?
6
What is the hundred thousands digit of 279416124?
4
What is the hundred thousands digit of 132761777?
7
What is the ten thousands digit of 178427578?
2
What is the hundred thousands digit of 22536527?
5
What is the millions digit of 42896973?
2
What is the thousands digit of 5738102843?
2
What is the hundreds digit of 55259505?
5
What is the tens digit of 7482823406?
0
What is the ten millions digit of 31892501?
3
What is the millions digit of 372902495?
2
What is the hundred thousands digit of 1291612288?
6
What is the ten thousands digit of 1586978884?
7
What is the ten thousands digit of 83724697?
2
What is the tens digit of 1337980843?
4
What is the hundred millions digit of 969916093?
9
What is the tens digit of 4980289?
8
What is the ten thousands digit of 250932939?
3
What is the hundreds digit of 57276996?
9
What is the units digit of 455005252?
2
What is the ten thousands digit of 47326651?
2
What is the hundred thousands digit of 76698657?
6
What is the ten thousands digit of 173726436?
2
What is the millions digit of 861980192?
1
What is the ten thousands digit of 2260723194?
2
What is the hundreds digit of 31330252?
2
What is the millions digit of 189650967?
9
What is the thousands digit of 311757966?
7
What is the hundreds digit of 1548056927?
9
What is the millions digit of 227173806?
7
What is the hundreds digit of 86448126?
1
What is the thousands digit of 44178848?
8
What is the hundred thousands digit of 2016537509?
5
What is the hundred thousands digit of 68047887?
0
What is the ten thousands digit of 4694704336?
0
What is the tens digit of 30231259?
5
What is the ten thousands digit of 17066413?
6
What is the millions digit of 935207887?
5
What is the hundred millions digit of 356117278?
3
What is the units digit of 30076218?
8
What is the hundred thousands digit of 40187402?
1
What is the ten millions digit of 1316058320?
1
What is the hundred thousands digit of 615072013?
0
What is the ten millions digit of 3659369241?
5
What is the units digit of 5028030130?
0
What is the millions digit of 652998122?
2
What is the hundred millions digit of 2405735262?
4
What is the thousands digit of 403278235?
8
What is the units digit of 5597474319?
9
What is the millions digit of 42751916?
2
What is the hundred millions digit of 241131880?
2
What is the hundred thousands digit of 116900570?
9
What is the ten millions digit of 56035046?
5
What is the ten thousands digit of 219828947?
2
What is the millions digit of 3060740540?
0
What is the millions digit of 410913947?
0
What is the ten thousands digit of 1009467867?
6
What is the hundreds digit of 717163003?
0
What is the ten thousands digit of 462829283?
2
What is the ten thousands digit of 224986189?
8
What is the tens digit of 2923574289?
8
What is the units digit of 999359141?
1
What is the ten millions digit of 18118790?
1
What is the tens digit of 26369539?
3
What is the millions digit of 212738910?
2
What is the hundred millions digit of 240130771?
2
What is the tens digit of 974325439?
3
What is the thousands digit of 1304065570?
5
What is the millions digit of 25510573?
5
What is the ten millions digit of 425430907?
2
What is the hundred millions digit of 7180291273?
1
What is the hundreds digit of 680827317?
3
What is the hundreds digit of 395864483?
4
What is the tens digit of 1947675352?
5
What is the units digit of 319611833?
3
What is the ten thousands digit of 13984731?
8
What is the hundred thousands digit of 14915902?
9
What is the ten thousands digit of 3937723?
3
What is the millions digit of 3331363?
3
What is the ten thousands digit of 45330743?
3
What is the hundreds digit of 153018452?
4
What is the ten thousands digit of 56863671?
6
What is the hundred thousands digit of 65618322?
6
What is the ten millions digit of 29222488?
2
What is the thousands digit of 236362313?
2
What is the hundred thousands digit of 5488697434?
6
What is the hundred thousands digit of 42475579?
4
What is the hundred thousands digit of 42436702?
4
What is the hundred millions digit of 131923252?
1
What is the thousands digit of 3375544581?
4
What is the tens digit of 147605?
0
What is the hundreds digit of 508180525?
5
What is the hundred thousands digit of 591221970?
2
What is the hundreds digit of 2342757497?
4
What is the thousands digit of 1131086290?
6
What is the millions digit of 45168094?
5
What is the millions digit of 8992913?
8
What is the hundreds digit of 5489612278?
2
What is the millions digit of 53122220?
3
What is the hundreds digit of 1162927513?
5
What is the hundred thousands digit of 15236968?
2
What is the hundred millions digit of 693001696?
6
What is the units digit of 727158222?
2
What is the hundred millions digit of 344635111?
3
What is the hundred thousands digit of 17031468?
0
What is the thousands digit of 1055409785?
9
What is the units digit of 8570481?
1
What is the thousands digit of 667559444?
9
What is the thousands digit of 4704110266?
0
What is the thousands digit of 99311112?
1
What is the units digit of 196895149?
9
What is the ten thousands digit of 183949307?
4
What is the ten millions digit of 218127901?
1
What is the hundreds digit of 894838492?
4
What is the hundreds digit of 69536811?
8
What is the ten millions digit of 3514594533?
1
What is the thousands digit of 93865355?
5
What is the hundred millions digit of 319921310?
3
What is the hundred thousands digit of 51499050?
4
What is the hundreds digit of 1126040771?
7
What is the hundreds digit of 3546570224?
2
What is the tens digit of 14771022?
2
What is the hundreds digit of 9577051?
0
What is the units digit of 720352375?
5
What is the units digit of 144327334?
4
What is the 